) = -4*l - 5. Let b(s) = -6*s - 15. Let y be b(-7). Let z = 25 - y. Determine c(z).
3
Let o(h) = 8*h**2 - 47*h + 40. Let y be o(5). Let b(g) = -g**2 + 15*g - 15. Give b(y).
35
Let k(j) = 105*j - 2312. Let z be k(22). Let u(x) = -11*x - 3. What is u(z)?
19
Let s(p) be the first derivative of -p**4/4 + 4*p**3 + 7*p**2/2 - 12*p - 10052. What is s(12)?
72
Let a(k) = k**3 - 7*k**2 - 33*k - 1. Let j be a(10). Let h = j + 29. Let x(v) be the first derivative of -v**4/2 - 4*v**3/3 - 3*v**2/2 - 1. Calculate x(h).
6
Let j(s) = -s + 2. Let r(n) be the first derivative of -n**4/4 + 2*n**3 - 5*n**2/2 - 2. Let q = 46 + -41. Let h be r(q). What is j(h)?
2
Let a(r) = -6*r + 206. Let h be a(22). Suppose y + 5 = -6*o + h, -3 = y. Let m(l) = -l**2 + 14*l - 5. Give m(o).
19
Let v(b) = -b**2 - 6*b - 9. Let t(k) = -2*k + 42. Let h be t(20). Suppose h*u = -51 + 37. What is v(u)?
-16
Let w(t) = 20*t**2 - 10*t + 17*t**2 - 4 - 38*t**2. Determine w(-8).
12
Let g(f) = f**3 + 9*f**2 - 126*f - 1128. Let p be g(-9). Let r(z) = 7*z - 29. Determine r(p).
13
Let n(k) = k + 15. Suppose 0 = -26*z + 4960 + 4530. Let c = z + -372. What is n(c)?
8
Let q(d) = -11 - 4 + d**2 + 80585*d - 80565*d. Give q(-19).
-34
Let b(h) = 45*h**2 + 1697 - 1696 - h + 2*h. Give b(-1).
45
Let i(g) = -g**3 - 7*g**2 + 10*g + 5. Suppose -16*v + 11*v = -3*o - 4, -o - 28 = 5*v. Give i(o).
-11
Let q(k) = 2*k**2 + 4*k. Let i(j) = 7*j**2 + 19*j. Let r(y) = 2*i(y) - 9*q(y). Let s(f) = -f**3 + 7*f**2 + 8*f + 2. Let t be s(8). Give r(t).
-12
Let u(c) = -4*c**3 - c**3 + 2 + 0*c**3 - 3*c + 3*c**2. Let f = -1785 + 1786. Let h be u(f). Let o(d) = -d**3 - 3*d**2 + 2*d. Determine o(h).
-6
Let b(d) = -39*d**2 + 7*d + 29. Let h(z) = 107*z**2 - 28*z - 86. Let a(k) = -11*b(k) - 4*h(k). What is a(-34)?
-9
Let g(l) = 3*l**2 - 6*l + 4. Let w = 3520 + -3516. Determine g(w).
28
Suppose 3*k + 4*u - 30 = 0, 5*u = -2*k + 8*u + 20. Let p be 7 - (0 + k/(-10)). Let a(j) be the third derivative of -j**4/24 - j**3/3 + j**2. Give a(p).
-10
Let r(m) be the third derivative of -m**5/12 - 3*m**4/8 + 5*m**3/6 + 43*m**2. Let a(x) = -4*x**2 - 9*x + 5. Let n(k) = 4*a(k) - 3*r(k). Determine n(-9).
5
Let u(k) = -3*k + 55. Let j(g) = -13*g + 221. Let y(p) = 2*j(p) - 9*u(p). Give y(13).
-40
Let l be -7 - (-12)/(-9)*-3. Let h be (18/24)/l*-4. Let i(n) = 6*n**2 - 2*n - 3. Let f(u) = -13*u**2 + 5*u + 7. Let y(d) = 3*f(d) + 7*i(d). What is y(h)?
4
Let v(f) be the second derivative of f**5/20 + f**4/3 + f**3 + 11*f**2/2 + f. Let i be (-126)/(-35)*(-240)/216. Calculate v(i).
-13
Let f be ((-3)/2)/(9/(-24)). Let j(r) = 9*r + 5*r**2 - 6*r**2 - f - 4. Let d(p) = 57*p + 350. Let h be d(-6). Determine j(h).
0
Let s = -1 - -25. Suppose 19*y = 22*y + s. Let d(w) = 6*w - 8. Let g(n) = -4*n + 5. Let l(k) = y*g(k) - 5*d(k). Calculate l(7).
14
Let n be 9*2/3*(-12)/24. Let k be n/(17/34*6/(-4)). Let y(a) = a**2 - 4*a. Determine y(k).
0
Suppose -3*g - 38 = -4*g. Let z = g - 35. Let s(j) be the second derivative of -j**3/2 + j**2 + 4*j + 5. Give s(z).
-7
Let l(d) = 71*d**2 + 36*d + 253. Let g(v) = -25*v**2 - 15*v - 84. Let n(m) = 17*g(m) + 6*l(m). Give n(36).
-18
Let s(v) = v**2 + v + 22. Let g(r) = -13*r - 179. Let j be g(-14). Suppose 3*m = j, -4*d + 3*m - m = 2. Determine s(d).
22
Suppose 2*y - 8 = 2. Let m(o) = -14*o - 3. Let k(r) = -68*r - 23. Let d(n) = -2*k(n) + 10*m(n). Determine d(y).
-4
Suppose -8 = -12*o + 14*o. Let i(c) = -15538*c + 62166*c - 15543*c - c**2 - 15541*c - 15548*c. Give i(o).
0
Let x(y) be the first derivative of 16*y**2 - 35*y + 142. Let i be x(1). Let h(s) = -s**3 - 4*s**2 - 3*s + 4. Calculate h(i).
4
Let t(v) = -v**2 + 10*v - 8. Let d be t(9). Let o(b) = 357*b**3 - 2*b**2 - 2*b - 712*b**3 + 358*b**3 + d. What is o(2)?
13
Let z(n) = -7*n - 7*n**2 - 3*n + 12 - 4*n**2 + n - n**3. Calculate z(-10).
2
Let r(p) be the first derivative of p**4/4 + p**3 + 8*p - 6707. What is r(0)?
8
Let b(m) = -180 + 68 + m + 61 + 53. Let t(v) = 5. Let p(h) = -1. Let o(u) = -4*p(u) - t(u). Let a(f) = -b(f) - 3*o(f). Give a(-3).
4
Let r(d) = -d + 6. Let x(k) = 108*k - 624. Let f(g) = 630*r(g) + 6*x(g). Calculate f(-2).
0
Let c(v) = -v - 392*v**3 + 7 - 27 + 10 + 393*v**3 + 7*v**2. Determine c(-7).
-3
Let d(s) = -s - 5. Let n = 159 - -85. Let q = n + -248. What is d(q)?
-1
Let f(b) = 6*b**2 + 2*b - 1. Let g(a) = -a**2. Let w(u) = -f(u) + 6*g(u). Let q(j) = -j**2 + 208*j + 9922. Let x be q(-40). Calculate w(x).
-51
Let u(x) = -14 + 4*x + 6*x - x + 2*x + 195. What is u(-17)?
-6
Let a(i) = -2*i**3 - i**2 - 4*i + 4. Let z(g) = -2*g**3 - 2*g**2 - 5*g + 5. Let n(d) = -3*a(d) + 2*z(d). Give n(2).
14
Let g(i) = 1 + 178*i**2 + 178*i**2 + 9*i + 183*i**2 - 535*i**2. Calculate g(-4).
29
Let f(d) = -d**3 + 5*d**2 - 11*d - 8. Suppose 5*q + 4*s + 14 - 23 = 0, 2*q - s = 14. What is f(q)?
-63
Let t(s) = -5*s**2 - 100*s + 3. Let k(i) = 9*i**2 + 181*i - 5. Let y(w) = -6*k(w) - 11*t(w). Give y(-10).
-43
Let t(g) = -g + 20. Let k be t(8). Suppose 2*x - x - k = -2*d, -2*x + 2*d = -24. Suppose x = -10*q + 8*q. Let j(l) = -3*l - 3. Give j(q).
15
Let u(j) = 4*j - 2. Let y be u(1). Let g(h) = -15 + y*h - 4*h + 3*h**2 + 13. Let d be g(2). Let s(i) = 3*i - 6. Give s(d).
12
Let q(s) = -s. Let k(f) = 8*f - 2. Let r(l) = k(l) - q(l). Suppose 73*j - 110*j = -37. Calculate r(j).
7
Let g be (4/4)/((-2)/10). Let d(y) be the first derivative of y**3/3 - 7*y + 1109. What is d(g)?
18
Let h be (-5)/(-5)*(15/5 + -918). Let s = -922 - h. Let q(z) = 4*z + 13. Calculate q(s).
-15
Suppose 0 = 7*m - 6*m - 164. Let y(v) = -18*v - v**2 - m + 15*v + 169. Calculate y(-4).
1
Let i(p) = 16766*p - 13 - 1129*p**2 + 1130*p**2 - 16773*p. Calculate i(6).
-19
Let k(i) = i**2 - 9*i + 17. Let d = 4827 - 4821. What is k(d)?
-1
Let h(u) = 15*u + 109. Let g be (9/6)/(177/(-826)). Determine h(g).
4
Let s(m) be the third derivative of -m**6/120 - m**5/6 - 5*m**4/12 - 7*m**3/6 + 2*m**2 + 29. Let u = 55 + -51. Suppose 27 = u*w - 7*w. Calculate s(w).
2
Let y(n) be the third derivative of n**5/15 + 13*n**4/24 + n**3/6 - 2116*n**2. What is y(-3)?
-2
Let b(k) = -4*k - 3. Let p = -519 + 492. Let f be (-46)/8 - ((-243)/36)/p. Give b(f).
21
Let z = -138 + 150. Let s(o) = -21 + 38*o - 9*o + 8 + z. Calculate s(1).
28
Let l(c) = c**2 - 2*c**2 + 11*c - 2 + 1. Suppose a = 85*h - 84*h - 10, 3*a = -h + 10. Give l(h).
9
Let c(q) = 28*q**3 - q**2 - q + 1. Suppose 0 = 35*y - 441 + 21. Suppose 30*r = y*r + 18. Calculate c(r).
27
Let u(k) be the third derivative of 0*k + 1/360*k**6 + 1/60*k**5 - 4/3*k**3 + 0 + 1/6*k**4 - 4*k**2. Let x(t) be the first derivative of u(t). Give x(-3).
7
Let k be 9/(-6) - (13 - 58/4). Let j(r) be the first derivative of -4 + 2/3*r**3 + 1/4*r**4 - 5/2*r**2 + k*r. Determine j(-4).
-12
Let i(n) = 2*n**3 + 14*n**2 - 2*n - 19. Let r(w) = w**3 - 59*w**2 + 115*w - 64. Let f be r(57). Give i(f).
-5
Suppose 19*g - 24*g = 365. Let h = g - -82. Let w be h - 15/(15/3). Let y(n) = -n + 4. Calculate y(w).
-2
Let p = -856 + 859. Let z(u) = 4*u**2 - 6*u - 2. Determine z(p).
16
Let o(r) = -r**2 - 8*r - 9. Let w(j) be the first derivative of -6*j + 7 + 11/3*j**3 - 3*j**2 + 1/2*j**4. Let f be w(-6). Calculate o(f).
3
Suppose 90*a - 287*a + 767 = 3722. Let d(p) = p + 54. Calculate d(a).
39
Let t(p) = 2*p + 23. Suppose 9*y = -230 + 7655. Suppose 748 = 7*w + y. What is t(w)?
1
Let t = -53 + 55. Suppose t*l + 30 = 7*l. Let m(u) = l - 1 - 10 + u. Calculate m(7).
2
Let n(x) be the third derivative of -x**5/60 - 2*x**4/3 - 13*x**3/3 - 139*x**2. Let y be n(-15). Let t(q) = -2*q - 16. Calculate t(y).
6
Let u(a) = 364*a + 4741. Let f be u(-13). Let k(d) = -57*d + 517. What is k(f)?
4
Let t(c) = 1275 - 652 - 145*c - 645 - 9*c**2. Determine t(-16).
-6
Let x(l) = 2*l - 3. Suppose -21*j + 133 = -329. Suppose 28 = 4*z - 6*f + 4*f, -3*z + 2*f = -j. Determine x(z).
9
Let i be -2 + 18/15 + 3/(-15). Let g be i + -1 + (3 - -1)/1. Let w(o) = -44*o**2 + o**3 + 20*o**2 + 13*o**2 + g. Give w(11).
2
Let j(c) = -c**2 + 8*c + 3. Suppose 3*b + 0 = -6, -q - 5*b + 34 = 0. Let h = q + -60. Let n be ((-12)/h - -1)*(-2 + 6). Give j(n).
10
Suppose 50*a + 153 = 59*a. Let w(r) = a + 20 + 4*r + 14 - 47. Let q be 10/4*(-1 - 1). Give w(q).
-16
Suppose -68 = -l - 0*y - 3*y, -4*l - y + 294 = 0. Let d = l - 61. Let m(c) = -c**2 + 14*c. What is m(d)?
13
Suppose 0*a + 2*a = 4*r